{"id":599,"date":"2025-01-31T13:43:57","date_gmt":"2025-01-31T13:43:57","guid":{"rendered":"https:\/\/life.itu.int\/retraites\/?page_id=599"},"modified":"2025-02-10T06:38:12","modified_gmt":"2025-02-10T06:38:12","slug":"langue-du-site","status":"publish","type":"page","link":"https:\/\/life.itu.int\/retraites\/langue-du-site\/","title":{"rendered":"Langue du site"},"content":{"rendered":"\n<p>Notre site est r\u00e9dig\u00e9 en fran\u00e7ais, car le si\u00e8ge de l&rsquo;association est \u00e0 Gen\u00e8ve (Suisse) et nous n&rsquo;avons pas les moyens de le maintenir en plusieurs langues. Cependant, vous pouvez utiliser les liens sur cette page pour le lire en anglais, espagnol, arabe, russe ou chinois. Nous utilisons la traduction automatique brute et sans r\u00e9vision de Google et qui est loin d&rsquo;\u00eatre parfaite. <br>Astuce | S\u00e9lectionnez de pr\u00e9f\u00e9rence le menu des langues apr\u00e8s vous \u00eatre connect\u00e9 en tant que membre, sinon vous devrez re-s\u00e9lectionner la langue une fois connect\u00e9<\/p>\n\n\n\n<h6  class=\"notranslate\" class=\"wp-block-heading\"><a href=\"https:\/\/life.itu.int\/retraites\/\">Fran\u00e7ais<\/a> \/ <a href=\"https:\/\/life-itu-int.translate.goog\/retraites\/?_x_tr_sl=fr&amp;_x_tr_tl=en&amp;_x_tr_hl=fr&amp;_x_tr_pto=wapp\">English<\/a> \/ <a href=\"https:\/\/life-itu-int.translate.goog\/retraites\/?_x_tr_sl=fr&amp;_x_tr_tl=es&amp;_x_tr_hl=fr&amp;_x_tr_pto=wapp\">Espa\u00f1ol<\/a> \/ <a href=\"https:\/\/life-itu-int.translate.goog\/retraites\/?_x_tr_sl=fr&amp;_x_tr_tl=ru&amp;_x_tr_hl=fr&amp;_x_tr_pto=wapp\">\u0420\u0443\u0441\u0441\u043a\u0438\u0439<\/a> \/ <a href=\"https:\/\/life-itu-int.translate.goog\/retraites\/?_x_tr_sl=fr&amp;_x_tr_tl=ar&amp;_x_tr_hl=fr&amp;_x_tr_pto=wapp\">\u0627\u0644\u0644\u063a\u0629 \u0627\u0644\u0639\u0631\u0628\u064a\u0629<\/a> \/ <a href=\"https:\/\/life-itu-int.translate.goog\/retraites\/?_x_tr_sl=fr&amp;_x_tr_tl=zh-CN&amp;_x_tr_hl=fr&amp;_x_tr_pto=wapp\">\u4e2d\u6587<\/a><\/h6>\n\n\n\n<p class=\"notranslate\">Our website is written in French, as the association&rsquo;s head office is in Geneva (Switzerland) and we do not have the resources to maintain it in several languages. However, you can use the links on this page to read it in English, Spanish, Arabic, Russian or Chinese. We use Google&rsquo;s unedited machine translation, which is far from perfect.<\/p>\n\n\n\n<p class=\"notranslate\">Nuestro sitio web est\u00e1 escrito en franc\u00e9s, ya que la sede de la asociaci\u00f3n est\u00e1 en Ginebra (Suiza) y no disponemos de recursos para mantenerlo en varios idiomas. No obstante, puede utilizar los enlaces de esta p\u00e1gina para leerlo en ingl\u00e9s, espa\u00f1ol, \u00e1rabe, ruso o chino. Utilizamos la traducci\u00f3n autom\u00e1tica no editada de Google, que dista mucho de ser perfecta.<\/p>\n\n\n\n<p class=\"notranslate\">\u041d\u0430\u0448 \u0441\u0430\u0439\u0442 \u043d\u0430\u043f\u0438\u0441\u0430\u043d \u043d\u0430 \u0444\u0440\u0430\u043d\u0446\u0443\u0437\u0441\u043a\u043e\u043c \u044f\u0437\u044b\u043a\u0435, \u043f\u043e\u0441\u043a\u043e\u043b\u044c\u043a\u0443 \u0433\u043e\u043b\u043e\u0432\u043d\u043e\u0439 \u043e\u0444\u0438\u0441 \u0430\u0441\u0441\u043e\u0446\u0438\u0430\u0446\u0438\u0438 \u043d\u0430\u0445\u043e\u0434\u0438\u0442\u0441\u044f \u0432 \u0416\u0435\u043d\u0435\u0432\u0435 (\u0428\u0432\u0435\u0439\u0446\u0430\u0440\u0438\u044f), \u0438 \u0443 \u043d\u0430\u0441 \u043d\u0435\u0442 \u0440\u0435\u0441\u0443\u0440\u0441\u043e\u0432 \u0434\u043b\u044f \u0435\u0433\u043e \u043f\u043e\u0434\u0434\u0435\u0440\u0436\u043a\u0438 \u043d\u0430 \u043d\u0435\u0441\u043a\u043e\u043b\u044c\u043a\u0438\u0445 \u044f\u0437\u044b\u043a\u0430\u0445. \u041e\u0434\u043d\u0430\u043a\u043e \u0432\u044b \u043c\u043e\u0436\u0435\u0442\u0435 \u0432\u043e\u0441\u043f\u043e\u043b\u044c\u0437\u043e\u0432\u0430\u0442\u044c\u0441\u044f \u0441\u0441\u044b\u043b\u043a\u0430\u043c\u0438 \u043d\u0430 \u044d\u0442\u043e\u0439 \u0441\u0442\u0440\u0430\u043d\u0438\u0446\u0435, \u0447\u0442\u043e\u0431\u044b \u043f\u0440\u043e\u0447\u0438\u0442\u0430\u0442\u044c \u0435\u0433\u043e \u043d\u0430 \u0430\u043d\u0433\u043b\u0438\u0439\u0441\u043a\u043e\u043c, \u0438\u0441\u043f\u0430\u043d\u0441\u043a\u043e\u043c, \u0430\u0440\u0430\u0431\u0441\u043a\u043e\u043c, \u0440\u0443\u0441\u0441\u043a\u043e\u043c \u0438\u043b\u0438 \u043a\u0438\u0442\u0430\u0439\u0441\u043a\u043e\u043c \u044f\u0437\u044b\u043a\u0430\u0445. \u041c\u044b \u0438\u0441\u043f\u043e\u043b\u044c\u0437\u0443\u0435\u043c \u043d\u0435\u043e\u0442\u0440\u0435\u0434\u0430\u043a\u0442\u0438\u0440\u043e\u0432\u0430\u043d\u043d\u044b\u0439 \u043c\u0430\u0448\u0438\u043d\u043d\u044b\u0439 \u043f\u0435\u0440\u0435\u0432\u043e\u0434 Google, \u043a\u043e\u0442\u043e\u0440\u044b\u0439 \u0434\u0430\u043b\u0435\u043a \u043e\u0442 \u0441\u043e\u0432\u0435\u0440\u0448\u0435\u043d\u0441\u0442\u0432\u0430.<\/p>\n\n\n\n<p class=\"notranslate\" class=\"has-text-align-right\">\u0645\u0648\u0642\u0639\u0646\u0627 \u0627\u0644\u0625\u0644\u0643\u062a\u0631\u0648\u0646\u064a \u0645\u0643\u062a\u0648\u0628 \u0628\u0627\u0644\u0644\u063a\u0629 \u0627\u0644\u0641\u0631\u0646\u0633\u064a\u0629\u060c \u062d\u064a\u062b \u0623\u0646 \u0627\u0644\u0645\u0643\u062a\u0628 \u0627\u0644\u0631\u0626\u064a\u0633\u064a \u0644\u0644\u062c\u0645\u0639\u064a\u0629 \u064a\u0642\u0639 \u0641\u064a \u062c\u0646\u064a\u0641 (\u0633\u0648\u064a\u0633\u0631\u0627) \u0648\u0644\u064a\u0633 \u0644\u062f\u064a\u0646\u0627 \u0627\u0644\u0645\u0648\u0627\u0631\u062f \u0627\u0644\u0644\u0627\u0632\u0645\u0629 \u0644\u0635\u064a\u0627\u0646\u062a\u0647 \u0628\u0639\u062f\u0629 \u0644\u063a\u0627\u062a. \u0648\u0645\u0639 \u0630\u0644\u0643\u060c \u064a\u0645\u0643\u0646\u0643 \u0627\u0633\u062a\u062e\u062f\u0627\u0645 \u0627\u0644\u0631\u0648\u0627\u0628\u0637 \u0627\u0644\u0645\u0648\u062c\u0648\u062f\u0629 \u0639\u0644\u0649 \u0647\u0630\u0647 \u0627\u0644\u0635\u0641\u062d\u0629 \u0644\u0642\u0631\u0627\u0621\u062a\u0647 \u0628\u0627\u0644\u0644\u063a\u0629 \u0627\u0644\u0625\u0646\u062c\u0644\u064a\u0632\u064a\u0629 \u0623\u0648 \u0627\u0644\u0625\u0633\u0628\u0627\u0646\u064a\u0629 \u0623\u0648 \u0627\u0644\u0639\u0631\u0628\u064a\u0629 \u0623\u0648 \u0627\u0644\u0631\u0648\u0633\u064a\u0629 \u0623\u0648 \u0627\u0644\u0635\u064a\u0646\u064a\u0629. \u0646\u062d\u0646 \u0646\u0633\u062a\u062e\u062f\u0645 \u0627\u0644\u062a\u0631\u062c\u0645\u0629 \u0627\u0644\u0622\u0644\u064a\u0629 \u063a\u064a\u0631 \u0627\u0644\u0645\u062d\u0631\u0631\u0629 \u0645\u0646 \u062c\u0648\u062c\u0644\u060c \u0648\u0647\u064a \u0628\u0639\u064a\u062f\u0629 \u0643\u0644 \u0627\u0644\u0628\u0639\u062f \u0639\u0646 \u0627\u0644\u0643\u0645\u0627\u0644.<\/p>\n\n\n\n<p class=\"notranslate\">\u6211\u4eec\u7684\u7f51\u7ad9 \u662f\u7528\u6cd5\u6587\u7f16\u5199\u7684\uff0c\u56e0\u4e3a\u534f\u4f1a\u603b\u90e8\u8bbe\u5728\u65e5\u5185\u74e6\uff08\u745e\u58eb\uff09\uff0c\u6211\u4eec\u6ca1\u6709\u8d44\u6e90\u4ee5\u591a\u79cd\u8bed\u8a00\u7ef4\u62a4\u7f51\u7ad9\u3002\u4e0d\u8fc7\uff0c\u60a8\u53ef\u4ee5\u4f7f\u7528\u672c\u9875\u4e0a\u7684\u94fe\u63a5\u9605\u8bfb\u82f1\u6587\u3001\u897f\u73ed\u7259\u6587\u3001\u963f\u62c9\u4f2f\u6587\u3001\u4fc4\u6587\u6216\u4e2d\u6587\u7248\u3002\u6211\u4eec\u4f7f\u7528\u7684\u662f\u8c37\u6b4c\u672a\u7ecf\u7f16\u8f91\u7684\u673a\u5668\u7ffb\u8bd1\uff0c\u5b83\u8fdc\u975e\u5b8c\u7f8e\u3002<\/p>\n\n\n\n<p><\/p>\n","protected":false},"excerpt":{"rendered":"<p>Notre site est r\u00e9dig\u00e9 en fran\u00e7ais, car le si\u00e8ge de l&rsquo;association est \u00e0 Gen\u00e8ve (Suisse) et nous n&rsquo;avons pas les moyens de le maintenir en plusieurs langues. Cependant, vous pouvez utiliser les liens sur cette page pour le lire en anglais, espagnol, arabe, russe ou chinois. Nous utilisons la traduction automatique brute et sans r\u00e9vision [&hellip;]<\/p>\n","protected":false},"author":15,"featured_media":654,"parent":0,"menu_order":0,"comment_status":"closed","ping_status":"closed","template":"","meta":{"footnotes":""},"class_list":["post-599","page","type-page","status-publish","has-post-thumbnail","hentry"],"yoast_head":"<!-- This site is optimized with the Yoast SEO plugin v27.3 - https:\/\/yoast.com\/product\/yoast-seo-wordpress\/ -->\n<title>Langue du site - Association des anciens fonctionnaires de l\u2019Union Internationale des T\u00e9l\u00e9communications<\/title>\n<meta name=\"robots\" content=\"index, follow, max-snippet:-1, max-image-preview:large, max-video-preview:-1\" \/>\n<link rel=\"canonical\" href=\"https:\/\/life.itu.int\/retraites\/langue-du-site\/\" \/>\n<meta property=\"og:locale\" content=\"fr_FR\" \/>\n<meta property=\"og:type\" content=\"article\" \/>\n<meta property=\"og:title\" content=\"Langue du site - Association des anciens fonctionnaires de l\u2019Union Internationale des T\u00e9l\u00e9communications\" \/>\n<meta property=\"og:description\" content=\"Notre site est r\u00e9dig\u00e9 en fran\u00e7ais, car le si\u00e8ge de l&rsquo;association est \u00e0 Gen\u00e8ve (Suisse) et nous n&rsquo;avons pas les moyens de le maintenir en plusieurs langues. Cependant, vous pouvez utiliser les liens sur cette page pour le lire en anglais, espagnol, arabe, russe ou chinois. Nous utilisons la traduction automatique brute et sans r\u00e9vision [&hellip;]\" \/>\n<meta property=\"og:url\" content=\"https:\/\/life.itu.int\/retraites\/langue-du-site\/\" \/>\n<meta property=\"og:site_name\" content=\"Association des anciens fonctionnaires de l\u2019Union Internationale des T\u00e9l\u00e9communications\" \/>\n<meta property=\"article:modified_time\" content=\"2025-02-10T06:38:12+00:00\" \/>\n<meta property=\"og:image\" content=\"https:\/\/life.itu.int\/retraites\/wp-content\/uploads\/sites\/15\/2025\/02\/pexels-pixabay-267669.jpg\" \/>\n\t<meta property=\"og:image:width\" content=\"850\" \/>\n\t<meta property=\"og:image:height\" content=\"567\" \/>\n\t<meta property=\"og:image:type\" content=\"image\/jpeg\" \/>\n<meta name=\"twitter:card\" content=\"summary_large_image\" \/>\n<meta name=\"twitter:label1\" content=\"Dur\u00e9e de lecture estim\u00e9e\" \/>\n\t<meta name=\"twitter:data1\" content=\"1 minute\" \/>\n<script type=\"application\/ld+json\" class=\"yoast-schema-graph\">{\"@context\":\"https:\\\/\\\/schema.org\",\"@graph\":[{\"@type\":\"WebPage\",\"@id\":\"https:\\\/\\\/life.itu.int\\\/retraites\\\/langue-du-site\\\/\",\"url\":\"https:\\\/\\\/life.itu.int\\\/retraites\\\/langue-du-site\\\/\",\"name\":\"Langue du site - Association des anciens fonctionnaires de l\u2019Union Internationale des T\u00e9l\u00e9communications\",\"isPartOf\":{\"@id\":\"https:\\\/\\\/life.itu.int\\\/retraites\\\/#website\"},\"primaryImageOfPage\":{\"@id\":\"https:\\\/\\\/life.itu.int\\\/retraites\\\/langue-du-site\\\/#primaryimage\"},\"image\":{\"@id\":\"https:\\\/\\\/life.itu.int\\\/retraites\\\/langue-du-site\\\/#primaryimage\"},\"thumbnailUrl\":\"https:\\\/\\\/life.itu.int\\\/retraites\\\/wp-content\\\/uploads\\\/sites\\\/15\\\/2025\\\/02\\\/pexels-pixabay-267669.jpg\",\"datePublished\":\"2025-01-31T13:43:57+00:00\",\"dateModified\":\"2025-02-10T06:38:12+00:00\",\"breadcrumb\":{\"@id\":\"https:\\\/\\\/life.itu.int\\\/retraites\\\/langue-du-site\\\/#breadcrumb\"},\"inLanguage\":\"fr-FR\",\"potentialAction\":[{\"@type\":\"ReadAction\",\"target\":[\"https:\\\/\\\/life.itu.int\\\/retraites\\\/langue-du-site\\\/\"]}]},{\"@type\":\"ImageObject\",\"inLanguage\":\"fr-FR\",\"@id\":\"https:\\\/\\\/life.itu.int\\\/retraites\\\/langue-du-site\\\/#primaryimage\",\"url\":\"https:\\\/\\\/life.itu.int\\\/retraites\\\/wp-content\\\/uploads\\\/sites\\\/15\\\/2025\\\/02\\\/pexels-pixabay-267669.jpg\",\"contentUrl\":\"https:\\\/\\\/life.itu.int\\\/retraites\\\/wp-content\\\/uploads\\\/sites\\\/15\\\/2025\\\/02\\\/pexels-pixabay-267669.jpg\",\"width\":850,\"height\":567,\"caption\":\"copyright pexels.com | pixabay\"},{\"@type\":\"BreadcrumbList\",\"@id\":\"https:\\\/\\\/life.itu.int\\\/retraites\\\/langue-du-site\\\/#breadcrumb\",\"itemListElement\":[{\"@type\":\"ListItem\",\"position\":1,\"name\":\"Accueil\",\"item\":\"https:\\\/\\\/life.itu.int\\\/retraites\\\/\"},{\"@type\":\"ListItem\",\"position\":2,\"name\":\"Langue du site\"}]},{\"@type\":\"WebSite\",\"@id\":\"https:\\\/\\\/life.itu.int\\\/retraites\\\/#website\",\"url\":\"https:\\\/\\\/life.itu.int\\\/retraites\\\/\",\"name\":\"Association des anciens fonctionnaires de l\u2019Union Internationale des T\u00e9l\u00e9communications\",\"description\":\"Association des anciens fonctionnaires de l&#039;Union Internationale des T\u00e9l\u00e9communications \u2013 Rester en contact\",\"publisher\":{\"@id\":\"https:\\\/\\\/life.itu.int\\\/retraites\\\/#organization\"},\"potentialAction\":[{\"@type\":\"SearchAction\",\"target\":{\"@type\":\"EntryPoint\",\"urlTemplate\":\"https:\\\/\\\/life.itu.int\\\/retraites\\\/?s={search_term_string}\"},\"query-input\":{\"@type\":\"PropertyValueSpecification\",\"valueRequired\":true,\"valueName\":\"search_term_string\"}}],\"inLanguage\":\"fr-FR\"},{\"@type\":\"Organization\",\"@id\":\"https:\\\/\\\/life.itu.int\\\/retraites\\\/#organization\",\"name\":\"Association des anciens fonctionnaires de l\u2019Union Internationale des T\u00e9l\u00e9communications\",\"url\":\"https:\\\/\\\/life.itu.int\\\/retraites\\\/\",\"logo\":{\"@type\":\"ImageObject\",\"inLanguage\":\"fr-FR\",\"@id\":\"https:\\\/\\\/life.itu.int\\\/retraites\\\/#\\\/schema\\\/logo\\\/image\\\/\",\"url\":\"https:\\\/\\\/life.itu.int\\\/retraites\\\/wp-content\\\/uploads\\\/sites\\\/15\\\/2024\\\/11\\\/cropped-Screenshot-2024-11-20-at-08.41.46.png\",\"contentUrl\":\"https:\\\/\\\/life.itu.int\\\/retraites\\\/wp-content\\\/uploads\\\/sites\\\/15\\\/2024\\\/11\\\/cropped-Screenshot-2024-11-20-at-08.41.46.png\",\"width\":512,\"height\":512,\"caption\":\"Association des anciens fonctionnaires de l\u2019Union Internationale des T\u00e9l\u00e9communications\"},\"image\":{\"@id\":\"https:\\\/\\\/life.itu.int\\\/retraites\\\/#\\\/schema\\\/logo\\\/image\\\/\"}}]}<\/script>\n<!-- \/ Yoast SEO plugin. -->","yoast_head_json":{"title":"Langue du site - Association des anciens fonctionnaires de l\u2019Union Internationale des T\u00e9l\u00e9communications","robots":{"index":"index","follow":"follow","max-snippet":"max-snippet:-1","max-image-preview":"max-image-preview:large","max-video-preview":"max-video-preview:-1"},"canonical":"https:\/\/life.itu.int\/retraites\/langue-du-site\/","og_locale":"fr_FR","og_type":"article","og_title":"Langue du site - Association des anciens fonctionnaires de l\u2019Union Internationale des T\u00e9l\u00e9communications","og_description":"Notre site est r\u00e9dig\u00e9 en fran\u00e7ais, car le si\u00e8ge de l&rsquo;association est \u00e0 Gen\u00e8ve (Suisse) et nous n&rsquo;avons pas les moyens de le maintenir en plusieurs langues. Cependant, vous pouvez utiliser les liens sur cette page pour le lire en anglais, espagnol, arabe, russe ou chinois. Nous utilisons la traduction automatique brute et sans r\u00e9vision [&hellip;]","og_url":"https:\/\/life.itu.int\/retraites\/langue-du-site\/","og_site_name":"Association des anciens fonctionnaires de l\u2019Union Internationale des T\u00e9l\u00e9communications","article_modified_time":"2025-02-10T06:38:12+00:00","og_image":[{"width":850,"height":567,"url":"https:\/\/life.itu.int\/retraites\/wp-content\/uploads\/sites\/15\/2025\/02\/pexels-pixabay-267669.jpg","type":"image\/jpeg"}],"twitter_card":"summary_large_image","twitter_misc":{"Dur\u00e9e de lecture estim\u00e9e":"1 minute"},"schema":{"@context":"https:\/\/schema.org","@graph":[{"@type":"WebPage","@id":"https:\/\/life.itu.int\/retraites\/langue-du-site\/","url":"https:\/\/life.itu.int\/retraites\/langue-du-site\/","name":"Langue du site - Association des anciens fonctionnaires de l\u2019Union Internationale des T\u00e9l\u00e9communications","isPartOf":{"@id":"https:\/\/life.itu.int\/retraites\/#website"},"primaryImageOfPage":{"@id":"https:\/\/life.itu.int\/retraites\/langue-du-site\/#primaryimage"},"image":{"@id":"https:\/\/life.itu.int\/retraites\/langue-du-site\/#primaryimage"},"thumbnailUrl":"https:\/\/life.itu.int\/retraites\/wp-content\/uploads\/sites\/15\/2025\/02\/pexels-pixabay-267669.jpg","datePublished":"2025-01-31T13:43:57+00:00","dateModified":"2025-02-10T06:38:12+00:00","breadcrumb":{"@id":"https:\/\/life.itu.int\/retraites\/langue-du-site\/#breadcrumb"},"inLanguage":"fr-FR","potentialAction":[{"@type":"ReadAction","target":["https:\/\/life.itu.int\/retraites\/langue-du-site\/"]}]},{"@type":"ImageObject","inLanguage":"fr-FR","@id":"https:\/\/life.itu.int\/retraites\/langue-du-site\/#primaryimage","url":"https:\/\/life.itu.int\/retraites\/wp-content\/uploads\/sites\/15\/2025\/02\/pexels-pixabay-267669.jpg","contentUrl":"https:\/\/life.itu.int\/retraites\/wp-content\/uploads\/sites\/15\/2025\/02\/pexels-pixabay-267669.jpg","width":850,"height":567,"caption":"copyright pexels.com | pixabay"},{"@type":"BreadcrumbList","@id":"https:\/\/life.itu.int\/retraites\/langue-du-site\/#breadcrumb","itemListElement":[{"@type":"ListItem","position":1,"name":"Accueil","item":"https:\/\/life.itu.int\/retraites\/"},{"@type":"ListItem","position":2,"name":"Langue du site"}]},{"@type":"WebSite","@id":"https:\/\/life.itu.int\/retraites\/#website","url":"https:\/\/life.itu.int\/retraites\/","name":"Association des anciens fonctionnaires de l\u2019Union Internationale des T\u00e9l\u00e9communications","description":"Association des anciens fonctionnaires de l&#039;Union Internationale des T\u00e9l\u00e9communications \u2013 Rester en contact","publisher":{"@id":"https:\/\/life.itu.int\/retraites\/#organization"},"potentialAction":[{"@type":"SearchAction","target":{"@type":"EntryPoint","urlTemplate":"https:\/\/life.itu.int\/retraites\/?s={search_term_string}"},"query-input":{"@type":"PropertyValueSpecification","valueRequired":true,"valueName":"search_term_string"}}],"inLanguage":"fr-FR"},{"@type":"Organization","@id":"https:\/\/life.itu.int\/retraites\/#organization","name":"Association des anciens fonctionnaires de l\u2019Union Internationale des T\u00e9l\u00e9communications","url":"https:\/\/life.itu.int\/retraites\/","logo":{"@type":"ImageObject","inLanguage":"fr-FR","@id":"https:\/\/life.itu.int\/retraites\/#\/schema\/logo\/image\/","url":"https:\/\/life.itu.int\/retraites\/wp-content\/uploads\/sites\/15\/2024\/11\/cropped-Screenshot-2024-11-20-at-08.41.46.png","contentUrl":"https:\/\/life.itu.int\/retraites\/wp-content\/uploads\/sites\/15\/2024\/11\/cropped-Screenshot-2024-11-20-at-08.41.46.png","width":512,"height":512,"caption":"Association des anciens fonctionnaires de l\u2019Union Internationale des T\u00e9l\u00e9communications"},"image":{"@id":"https:\/\/life.itu.int\/retraites\/#\/schema\/logo\/image\/"}}]}},"_links":{"self":[{"href":"https:\/\/life.itu.int\/retraites\/wp-json\/wp\/v2\/pages\/599","targetHints":{"allow":["GET"]}}],"collection":[{"href":"https:\/\/life.itu.int\/retraites\/wp-json\/wp\/v2\/pages"}],"about":[{"href":"https:\/\/life.itu.int\/retraites\/wp-json\/wp\/v2\/types\/page"}],"author":[{"embeddable":true,"href":"https:\/\/life.itu.int\/retraites\/wp-json\/wp\/v2\/users\/15"}],"replies":[{"embeddable":true,"href":"https:\/\/life.itu.int\/retraites\/wp-json\/wp\/v2\/comments?post=599"}],"version-history":[{"count":0,"href":"https:\/\/life.itu.int\/retraites\/wp-json\/wp\/v2\/pages\/599\/revisions"}],"wp:featuredmedia":[{"embeddable":true,"href":"https:\/\/life.itu.int\/retraites\/wp-json\/wp\/v2\/media\/654"}],"wp:attachment":[{"href":"https:\/\/life.itu.int\/retraites\/wp-json\/wp\/v2\/media?parent=599"}],"curies":[{"name":"wp","href":"https:\/\/api.w.org\/{rel}","templated":true}]}}