{"id":119,"date":"2024-10-24T18:08:02","date_gmt":"2024-10-24T18:08:02","guid":{"rendered":"https:\/\/life.itu.int\/retraites\/?page_id=119"},"modified":"2025-02-02T17:29:11","modified_gmt":"2025-02-02T17:29:11","slug":"politique-de-confidentialite","status":"publish","type":"page","link":"https:\/\/life.itu.int\/retraites\/politique-de-confidentialite\/","title":{"rendered":"Politique de confidentialit\u00e9"},"content":{"rendered":"\n<h6 class=\"wp-block-heading\">Qui sommes-nous&nbsp;?<\/h6>\n\n\n\n<p>L\u2019adresse de notre site est: https:\/\/life.itu.int\/retraites. Le simple fait de consulter notre site web n\u2019entra\u00eene pas la fourniture de donn\u00e9es personnelles.<\/p>\n\n\n\n<h6 class=\"wp-block-heading\">Commentaires et utilisation de cookies<\/h6>\n\n\n\n<p>Si vous d\u00e9posez un commentaire sur notre site, il vous sera propos\u00e9 de vous inscrire et cr\u00e9er un compte en enregistrant votre nom, adresse \u00e9lectronique et, le cas \u00e9ch\u00e9ant, votre site dans des cookies. Ceci pour, d\u2019une part, ne pas vous contraindre \u00e0 saisir de nouveau ces informations si vous d\u00e9posez un autre commentaire plus tard, et, d\u2019autre part, nous aider \u00e0 la d\u00e9tection des commentaires malveillants. Ces cookies expirent au bout d\u2019un an.<\/p>\n\n\n\n<p>Lors d\u2019une inscription, un cookie temporaire sera cr\u00e9\u00e9 afin de d\u00e9terminer si votre navigateur accepte les cookies. Il ne contient pas de donn\u00e9es personnelles et sera supprim\u00e9 automatiquement \u00e0 la fermeture de votre navigateur. Ensuite nous cr\u00e9erons des cookies pour enregistrer vos informations de connexion et vos pr\u00e9f\u00e9rences d\u2019\u00e9cran. La dur\u00e9e de vie d\u2019un cookie de connexion est de deux jours, celle d\u2019un cookie d\u2019option d\u2019\u00e9cran est d\u2019un an. Si vous cochez \u00abSe souvenir de moi\u00bb, votre cookie de connexion sera conserv\u00e9 pendant deux semaines. Si vous vous d\u00e9connectez du compte ainsi cr\u00e9\u00e9, le cookie de connexion sera effac\u00e9.<\/p>\n\n\n\n<p>En modifiant ou en enregistrant un contenu, un cookie suppl\u00e9mentaire sera enregistr\u00e9 dans votre navigateur. Ce cookie ne comprend aucune donn\u00e9e personnelle. Il identifie simplement le contenu que vous venez d\u2019enregistrer ou de modifier. Il expire au bout d\u2019un jour.<\/p>\n\n\n\n<h6 class=\"wp-block-heading\">M\u00e9dias<\/h6>\n\n\n\n<p>Si vous t\u00e9l\u00e9chargez des images vers le site, nous vous conseillons d\u2019\u00e9viter les images contenant des m\u00e9tadonn\u00e9es EXIF comportant des coordonn\u00e9es GPS comme celles provenant de smartphones.<\/p>\n\n\n\n<h6 class=\"wp-block-heading\"><strong>Contenu provenant d\u2019autres sites<\/strong><\/h6>\n\n\n\n<p>Les articles de ce site peuvent inclure des contenus d\u2019autres origines (par exemple des vid\u00e9os, images, articles, etc). Ces contenus agissent comme si le visiteur se rendait sur le site d\u2019origine. Ce site web pourrait donc collecter des donn\u00e9es sur vous, utiliser des cookies, embarquer des outils de suivi tiers, suivre vos interactions avec ces contenus embarqu\u00e9s au cas o\u00f9 vous seriez d\u00e9j\u00e0 inscrit sur leur site web.<\/p>\n\n\n\n<h6 class=\"wp-block-heading\"><strong>Utilisation et transmission de vos donn\u00e9es personnelles<\/strong><\/h6>\n\n\n\n<p>Si vous demandez une r\u00e9initialisation de votre mot de passe, votre adresse IP sera incluse dans le courriel de r\u00e9initialisation.<\/p>\n\n\n\n<h6 class=\"wp-block-heading\"><strong>Dur\u00e9es de conservation de vos donn\u00e9es<\/strong><\/h6>\n\n\n\n<p>Si vous laissez un commentaire, ce commentaire et ses m\u00e9tadonn\u00e9es sont conserv\u00e9s ind\u00e9finiment. Cela permet de reconna\u00eetre et approuver automatiquement vos \u00e9ventuels commentaires ult\u00e9rieurs au lieu de les laisser dans la file de mod\u00e9ration dans l\u2019attente de leur validation.<\/p>\n\n\n\n<p>Pour les inscriptions (comptes) sur notre site, nous conservons \u00e9galement les donn\u00e9es personnelles indiqu\u00e9es dans leur profil. Tous les comptes permettent au titulaire de voir, modifier ou supprimer \u00e0 tout moment les informations personnelles, sauf l\u2019identifiant interne. Les gestionnaires du site peuvent aussi voir et modifier ces informations.<\/p>\n\n\n\n<p>La suppression d\u2019un compte peut \u00eatre demand\u00e9e au Comit\u00e9 ou d\u00e9cid\u00e9e par le Comit\u00e9 en cas de d\u00e9c\u00e8s.<\/p>\n\n\n\n<h6 class=\"wp-block-heading\"><strong>Vos droits concernant vos donn\u00e9es<\/strong><\/h6>\n\n\n\n<p>Si vous avez cr\u00e9\u00e9 un compte ou si vous avez laiss\u00e9 des commentaires sur le site, vous pouvez demander \u00e0 recevoir un fichier contenant toutes les donn\u00e9es personnelles que nous poss\u00e9dons \u00e0 votre sujet, y compris celles que vous nous avez fournies. Vous pouvez \u00e9galement demander la suppression des donn\u00e9es personnelles vous concernant. Cela ne concerne pas les donn\u00e9es conserv\u00e9es \u00e0 des fins administratives, l\u00e9gales ou pour des raisons de s\u00e9curit\u00e9.<\/p>\n\n\n\n<h6 class=\"wp-block-heading\"><strong>Traitement de vos donn\u00e9es<\/strong><\/h6>\n\n\n\n<p>Les commentaires laiss\u00e9s par des visiteurs peuvent \u00eatre v\u00e9rifi\u00e9s \u00e0 l\u2019aide d\u2019un service automatis\u00e9 de d\u00e9tection des commentaires malveillants ou ind\u00e9sirables.<\/p>\n\n\n\n<p><\/p>\n","protected":false},"excerpt":{"rendered":"<p>Qui sommes-nous&nbsp;? L\u2019adresse de notre site est: https:\/\/life.itu.int\/retraites. Le simple fait de consulter notre site web n\u2019entra\u00eene pas la fourniture de donn\u00e9es personnelles. Commentaires et utilisation de cookies Si vous d\u00e9posez un commentaire sur notre site, il vous sera propos\u00e9 de vous inscrire et cr\u00e9er un compte en enregistrant votre nom, adresse \u00e9lectronique et, le [&hellip;]<\/p>\n","protected":false},"author":15,"featured_media":51,"parent":0,"menu_order":0,"comment_status":"open","ping_status":"closed","template":"","meta":{"footnotes":""},"class_list":["post-119","page","type-page","status-publish","has-post-thumbnail","hentry"],"yoast_head":"<!-- This site is optimized with the Yoast SEO plugin v27.5 - https:\/\/yoast.com\/product\/yoast-seo-wordpress\/ -->\n<title>Politique de confidentialit\u00e9 - retraites<\/title>\n<meta name=\"robots\" content=\"index, follow, max-snippet:-1, max-image-preview:large, max-video-preview:-1\" \/>\n<link rel=\"canonical\" href=\"https:\/\/life.itu.int\/retraites\/politique-de-confidentialite\/\" \/>\n<meta property=\"og:locale\" content=\"fr_FR\" \/>\n<meta property=\"og:type\" content=\"article\" \/>\n<meta property=\"og:title\" content=\"Politique de confidentialit\u00e9 - retraites\" \/>\n<meta property=\"og:description\" content=\"Qui sommes-nous&nbsp;? L\u2019adresse de notre site est: https:\/\/life.itu.int\/retraites. Le simple fait de consulter notre site web n\u2019entra\u00eene pas la fourniture de donn\u00e9es personnelles. Commentaires et utilisation de cookies Si vous d\u00e9posez un commentaire sur notre site, il vous sera propos\u00e9 de vous inscrire et cr\u00e9er un compte en enregistrant votre nom, adresse \u00e9lectronique et, le [&hellip;]\" \/>\n<meta property=\"og:url\" content=\"https:\/\/life.itu.int\/retraites\/politique-de-confidentialite\/\" \/>\n<meta property=\"og:site_name\" content=\"retraites\" \/>\n<meta property=\"article:modified_time\" content=\"2025-02-02T17:29:11+00:00\" \/>\n<meta property=\"og:image\" content=\"https:\/\/life.itu.int\/retraites\/wp-content\/uploads\/sites\/15\/2024\/10\/27979288352_33112e9465_k.jpg\" \/>\n\t<meta property=\"og:image:width\" content=\"2048\" \/>\n\t<meta property=\"og:image:height\" content=\"1363\" \/>\n\t<meta property=\"og:image:type\" content=\"image\/jpeg\" \/>\n<meta name=\"twitter:card\" content=\"summary_large_image\" \/>\n<meta name=\"twitter:label1\" content=\"Dur\u00e9e de lecture estim\u00e9e\" \/>\n\t<meta name=\"twitter:data1\" content=\"3 minutes\" \/>\n<script type=\"application\/ld+json\" class=\"yoast-schema-graph\">{\"@context\":\"https:\\\/\\\/schema.org\",\"@graph\":[{\"@type\":\"WebPage\",\"@id\":\"https:\\\/\\\/life.itu.int\\\/retraites\\\/politique-de-confidentialite\\\/\",\"url\":\"https:\\\/\\\/life.itu.int\\\/retraites\\\/politique-de-confidentialite\\\/\",\"name\":\"Politique de confidentialit\u00e9 - retraites\",\"isPartOf\":{\"@id\":\"https:\\\/\\\/life.itu.int\\\/retraites\\\/#website\"},\"primaryImageOfPage\":{\"@id\":\"https:\\\/\\\/life.itu.int\\\/retraites\\\/politique-de-confidentialite\\\/#primaryimage\"},\"image\":{\"@id\":\"https:\\\/\\\/life.itu.int\\\/retraites\\\/politique-de-confidentialite\\\/#primaryimage\"},\"thumbnailUrl\":\"https:\\\/\\\/life.itu.int\\\/retraites\\\/wp-content\\\/uploads\\\/sites\\\/15\\\/2024\\\/10\\\/27979288352_33112e9465_k.jpg\",\"datePublished\":\"2024-10-24T18:08:02+00:00\",\"dateModified\":\"2025-02-02T17:29:11+00:00\",\"breadcrumb\":{\"@id\":\"https:\\\/\\\/life.itu.int\\\/retraites\\\/politique-de-confidentialite\\\/#breadcrumb\"},\"inLanguage\":\"fr-FR\",\"potentialAction\":[{\"@type\":\"ReadAction\",\"target\":[\"https:\\\/\\\/life.itu.int\\\/retraites\\\/politique-de-confidentialite\\\/\"]}]},{\"@type\":\"ImageObject\",\"inLanguage\":\"fr-FR\",\"@id\":\"https:\\\/\\\/life.itu.int\\\/retraites\\\/politique-de-confidentialite\\\/#primaryimage\",\"url\":\"https:\\\/\\\/life.itu.int\\\/retraites\\\/wp-content\\\/uploads\\\/sites\\\/15\\\/2024\\\/10\\\/27979288352_33112e9465_k.jpg\",\"contentUrl\":\"https:\\\/\\\/life.itu.int\\\/retraites\\\/wp-content\\\/uploads\\\/sites\\\/15\\\/2024\\\/10\\\/27979288352_33112e9465_k.jpg\",\"width\":2048,\"height\":1363},{\"@type\":\"BreadcrumbList\",\"@id\":\"https:\\\/\\\/life.itu.int\\\/retraites\\\/politique-de-confidentialite\\\/#breadcrumb\",\"itemListElement\":[{\"@type\":\"ListItem\",\"position\":1,\"name\":\"Accueil\",\"item\":\"https:\\\/\\\/life.itu.int\\\/retraites\\\/\"},{\"@type\":\"ListItem\",\"position\":2,\"name\":\"Politique de confidentialit\u00e9\"}]},{\"@type\":\"WebSite\",\"@id\":\"https:\\\/\\\/life.itu.int\\\/retraites\\\/#website\",\"url\":\"https:\\\/\\\/life.itu.int\\\/retraites\\\/\",\"name\":\"Association des anciens fonctionnaires de l\u2019Union Internationale des T\u00e9l\u00e9communications\",\"description\":\"Association des anciens fonctionnaires de l&#039;Union Internationale des T\u00e9l\u00e9communications \u2013 Rester en contact\",\"publisher\":{\"@id\":\"https:\\\/\\\/life.itu.int\\\/retraites\\\/#organization\"},\"potentialAction\":[{\"@type\":\"SearchAction\",\"target\":{\"@type\":\"EntryPoint\",\"urlTemplate\":\"https:\\\/\\\/life.itu.int\\\/retraites\\\/?s={search_term_string}\"},\"query-input\":{\"@type\":\"PropertyValueSpecification\",\"valueRequired\":true,\"valueName\":\"search_term_string\"}}],\"inLanguage\":\"fr-FR\"},{\"@type\":\"Organization\",\"@id\":\"https:\\\/\\\/life.itu.int\\\/retraites\\\/#organization\",\"name\":\"Association des anciens fonctionnaires de l\u2019Union Internationale des T\u00e9l\u00e9communications\",\"url\":\"https:\\\/\\\/life.itu.int\\\/retraites\\\/\",\"logo\":{\"@type\":\"ImageObject\",\"inLanguage\":\"fr-FR\",\"@id\":\"https:\\\/\\\/life.itu.int\\\/retraites\\\/#\\\/schema\\\/logo\\\/image\\\/\",\"url\":\"https:\\\/\\\/life.itu.int\\\/retraites\\\/wp-content\\\/uploads\\\/sites\\\/15\\\/2024\\\/11\\\/cropped-Screenshot-2024-11-20-at-08.41.46.png\",\"contentUrl\":\"https:\\\/\\\/life.itu.int\\\/retraites\\\/wp-content\\\/uploads\\\/sites\\\/15\\\/2024\\\/11\\\/cropped-Screenshot-2024-11-20-at-08.41.46.png\",\"width\":512,\"height\":512,\"caption\":\"Association des anciens fonctionnaires de l\u2019Union Internationale des T\u00e9l\u00e9communications\"},\"image\":{\"@id\":\"https:\\\/\\\/life.itu.int\\\/retraites\\\/#\\\/schema\\\/logo\\\/image\\\/\"}}]}<\/script>\n<!-- \/ Yoast SEO plugin. -->","yoast_head_json":{"title":"Politique de confidentialit\u00e9 - retraites","robots":{"index":"index","follow":"follow","max-snippet":"max-snippet:-1","max-image-preview":"max-image-preview:large","max-video-preview":"max-video-preview:-1"},"canonical":"https:\/\/life.itu.int\/retraites\/politique-de-confidentialite\/","og_locale":"fr_FR","og_type":"article","og_title":"Politique de confidentialit\u00e9 - retraites","og_description":"Qui sommes-nous&nbsp;? L\u2019adresse de notre site est: https:\/\/life.itu.int\/retraites. Le simple fait de consulter notre site web n\u2019entra\u00eene pas la fourniture de donn\u00e9es personnelles. Commentaires et utilisation de cookies Si vous d\u00e9posez un commentaire sur notre site, il vous sera propos\u00e9 de vous inscrire et cr\u00e9er un compte en enregistrant votre nom, adresse \u00e9lectronique et, le [&hellip;]","og_url":"https:\/\/life.itu.int\/retraites\/politique-de-confidentialite\/","og_site_name":"retraites","article_modified_time":"2025-02-02T17:29:11+00:00","og_image":[{"width":2048,"height":1363,"url":"https:\/\/life.itu.int\/retraites\/wp-content\/uploads\/sites\/15\/2024\/10\/27979288352_33112e9465_k.jpg","type":"image\/jpeg"}],"twitter_card":"summary_large_image","twitter_misc":{"Dur\u00e9e de lecture estim\u00e9e":"3 minutes"},"schema":{"@context":"https:\/\/schema.org","@graph":[{"@type":"WebPage","@id":"https:\/\/life.itu.int\/retraites\/politique-de-confidentialite\/","url":"https:\/\/life.itu.int\/retraites\/politique-de-confidentialite\/","name":"Politique de confidentialit\u00e9 - retraites","isPartOf":{"@id":"https:\/\/life.itu.int\/retraites\/#website"},"primaryImageOfPage":{"@id":"https:\/\/life.itu.int\/retraites\/politique-de-confidentialite\/#primaryimage"},"image":{"@id":"https:\/\/life.itu.int\/retraites\/politique-de-confidentialite\/#primaryimage"},"thumbnailUrl":"https:\/\/life.itu.int\/retraites\/wp-content\/uploads\/sites\/15\/2024\/10\/27979288352_33112e9465_k.jpg","datePublished":"2024-10-24T18:08:02+00:00","dateModified":"2025-02-02T17:29:11+00:00","breadcrumb":{"@id":"https:\/\/life.itu.int\/retraites\/politique-de-confidentialite\/#breadcrumb"},"inLanguage":"fr-FR","potentialAction":[{"@type":"ReadAction","target":["https:\/\/life.itu.int\/retraites\/politique-de-confidentialite\/"]}]},{"@type":"ImageObject","inLanguage":"fr-FR","@id":"https:\/\/life.itu.int\/retraites\/politique-de-confidentialite\/#primaryimage","url":"https:\/\/life.itu.int\/retraites\/wp-content\/uploads\/sites\/15\/2024\/10\/27979288352_33112e9465_k.jpg","contentUrl":"https:\/\/life.itu.int\/retraites\/wp-content\/uploads\/sites\/15\/2024\/10\/27979288352_33112e9465_k.jpg","width":2048,"height":1363},{"@type":"BreadcrumbList","@id":"https:\/\/life.itu.int\/retraites\/politique-de-confidentialite\/#breadcrumb","itemListElement":[{"@type":"ListItem","position":1,"name":"Accueil","item":"https:\/\/life.itu.int\/retraites\/"},{"@type":"ListItem","position":2,"name":"Politique de confidentialit\u00e9"}]},{"@type":"WebSite","@id":"https:\/\/life.itu.int\/retraites\/#website","url":"https:\/\/life.itu.int\/retraites\/","name":"Association des anciens fonctionnaires de l\u2019Union Internationale des T\u00e9l\u00e9communications","description":"Association des anciens fonctionnaires de l&#039;Union Internationale des T\u00e9l\u00e9communications \u2013 Rester en contact","publisher":{"@id":"https:\/\/life.itu.int\/retraites\/#organization"},"potentialAction":[{"@type":"SearchAction","target":{"@type":"EntryPoint","urlTemplate":"https:\/\/life.itu.int\/retraites\/?s={search_term_string}"},"query-input":{"@type":"PropertyValueSpecification","valueRequired":true,"valueName":"search_term_string"}}],"inLanguage":"fr-FR"},{"@type":"Organization","@id":"https:\/\/life.itu.int\/retraites\/#organization","name":"Association des anciens fonctionnaires de l\u2019Union Internationale des T\u00e9l\u00e9communications","url":"https:\/\/life.itu.int\/retraites\/","logo":{"@type":"ImageObject","inLanguage":"fr-FR","@id":"https:\/\/life.itu.int\/retraites\/#\/schema\/logo\/image\/","url":"https:\/\/life.itu.int\/retraites\/wp-content\/uploads\/sites\/15\/2024\/11\/cropped-Screenshot-2024-11-20-at-08.41.46.png","contentUrl":"https:\/\/life.itu.int\/retraites\/wp-content\/uploads\/sites\/15\/2024\/11\/cropped-Screenshot-2024-11-20-at-08.41.46.png","width":512,"height":512,"caption":"Association des anciens fonctionnaires de l\u2019Union Internationale des T\u00e9l\u00e9communications"},"image":{"@id":"https:\/\/life.itu.int\/retraites\/#\/schema\/logo\/image\/"}}]}},"_links":{"self":[{"href":"https:\/\/life.itu.int\/retraites\/wp-json\/wp\/v2\/pages\/119","targetHints":{"allow":["GET"]}}],"collection":[{"href":"https:\/\/life.itu.int\/retraites\/wp-json\/wp\/v2\/pages"}],"about":[{"href":"https:\/\/life.itu.int\/retraites\/wp-json\/wp\/v2\/types\/page"}],"author":[{"embeddable":true,"href":"https:\/\/life.itu.int\/retraites\/wp-json\/wp\/v2\/users\/15"}],"replies":[{"embeddable":true,"href":"https:\/\/life.itu.int\/retraites\/wp-json\/wp\/v2\/comments?post=119"}],"version-history":[{"count":0,"href":"https:\/\/life.itu.int\/retraites\/wp-json\/wp\/v2\/pages\/119\/revisions"}],"wp:featuredmedia":[{"embeddable":true,"href":"https:\/\/life.itu.int\/retraites\/wp-json\/wp\/v2\/media\/51"}],"wp:attachment":[{"href":"https:\/\/life.itu.int\/retraites\/wp-json\/wp\/v2\/media?parent=119"}],"curies":[{"name":"wp","href":"https:\/\/api.w.org\/{rel}","templated":true}]}}