{"version":"1.0","provider_name":"Association des anciens fonctionnaires de l\u2019Union Internationale des T\u00e9l\u00e9communications","provider_url":"https:\/\/life.itu.int\/retraites","author_name":"Simon de nicola","author_url":"https:\/\/life.itu.int\/retraites\/author\/simondenicola\/","title":"Rio de Janeiro - Association des anciens fonctionnaires de l\u2019Union Internationale des T\u00e9l\u00e9communications","type":"rich","width":600,"height":338,"html":"<blockquote class=\"wp-embedded-content\" data-secret=\"pjIIKXofqx\"><a href=\"https:\/\/life.itu.int\/retraites\/rio-de-janeiro\/\">Rio de Janeiro<\/a><\/blockquote><iframe sandbox=\"allow-scripts\" security=\"restricted\" src=\"https:\/\/life.itu.int\/retraites\/rio-de-janeiro\/embed\/#?secret=pjIIKXofqx\" width=\"600\" height=\"338\" title=\"\u00ab\u00a0Rio de Janeiro\u00a0\u00bb &#8212; Association des anciens fonctionnaires de l\u2019Union Internationale des T\u00e9l\u00e9communications\" data-secret=\"pjIIKXofqx\" frameborder=\"0\" marginwidth=\"0\" marginheight=\"0\" scrolling=\"no\" class=\"wp-embedded-content\"><\/iframe><script>\n\/*! This file is auto-generated *\/\n!function(d,l){\"use strict\";l.querySelector&&d.addEventListener&&\"undefined\"!=typeof URL&&(d.wp=d.wp||{},d.wp.receiveEmbedMessage||(d.wp.receiveEmbedMessage=function(e){var t=e.data;if((t||t.secret||t.message||t.value)&&!\/[^a-zA-Z0-9]\/.test(t.secret)){for(var s,r,n,a=l.querySelectorAll('iframe[data-secret=\"'+t.secret+'\"]'),o=l.querySelectorAll('blockquote[data-secret=\"'+t.secret+'\"]'),c=new RegExp(\"^https?:$\",\"i\"),i=0;i<o.length;i++)o[i].style.display=\"none\";for(i=0;i<a.length;i++)s=a[i],e.source===s.contentWindow&&(s.removeAttribute(\"style\"),\"height\"===t.message?(1e3<(r=parseInt(t.value,10))?r=1e3:~~r<200&&(r=200),s.height=r):\"link\"===t.message&&(r=new URL(s.getAttribute(\"src\")),n=new URL(t.value),c.test(n.protocol))&&n.host===r.host&&l.activeElement===s&&(d.top.location.href=t.value))}},d.addEventListener(\"message\",d.wp.receiveEmbedMessage,!1),l.addEventListener(\"DOMContentLoaded\",function(){for(var e,t,s=l.querySelectorAll(\"iframe.wp-embedded-content\"),r=0;r<s.length;r++)(t=(e=s[r]).getAttribute(\"data-secret\"))||(t=Math.random().toString(36).substring(2,12),e.src+=\"#?secret=\"+t,e.setAttribute(\"data-secret\",t)),e.contentWindow.postMessage({message:\"ready\",secret:t},\"*\")},!1)))}(window,document);\n\/\/# sourceURL=https:\/\/life.itu.int\/retraites\/wp-includes\/js\/wp-embed.min.js\n<\/script>\n","description":"Mon choix de d\u00e9couverte s\u2019est port\u00e9 cette fois \u00e0 Rio, une destination dont je r\u00eavais depuis longtemps, mais fortement mise en avant comme dangereuse. C\u2019est avec un groupe et un guide que je rencontrerai \u00e0 mon arriv\u00e9e, que je vais d\u00e9couvrir cette ville connue surtout pour le Christ qui surplombe la baie, le Pain de sucre, les favelas et le carnaval annuel.","thumbnail_url":"https:\/\/life.itu.int\/retraites\/wp-content\/uploads\/sites\/15\/2026\/04\/IMG_1027-768x1024.jpeg"}

Association des anciens fonctionnaires de l’Union Internationale des Télécommunications

Rio de Janeiro - Association des anciens fonctionnaires de l’Union Internationale des Télécommunications

<blockquote class="wp-embedded-content" data-secret="pjIIKXofqx"><a href="https://life.itu.int/retraites/rio-de-janeiro/">Rio de Janeiro</a></blockquote><iframe sandbox="allow-scripts" security="restricted" src="https://life.itu.int/retraites/rio-de-janeiro/embed/#?secret=pjIIKXofqx" width="600" height="338" title="« Rio de Janeiro » &#8212; Association des anciens fonctionnaires de l’Union Internationale des Télécommunications" data-secret="pjIIKXofqx" frameborder="0" marginwidth="0" marginheight="0" scrolling="no" class="wp-embedded-content"></iframe><script>
/*! This file is auto-generated */
!function(d,l){"use strict";l.querySelector&&d.addEventListener&&"undefined"!=typeof URL&&(d.wp=d.wp||{},d.wp.receiveEmbedMessage||(d.wp.receiveEmbedMessage=function(e){var t=e.data;if((t||t.secret||t.message||t.value)&&!/[^a-zA-Z0-9]/.test(t.secret)){for(var s,r,n,a=l.querySelectorAll('iframe[data-secret="'+t.secret+'"]'),o=l.querySelectorAll('blockquote[data-secret="'+t.secret+'"]'),c=new RegExp("^https?:$","i"),i=0;i<o.length;i++)o[i].style.display="none";for(i=0;i<a.length;i++)s=a[i],e.source===s.contentWindow&&(s.removeAttribute("style"),"height"===t.message?(1e3<(r=parseInt(t.value,10))?r=1e3:~~r<200&&(r=200),s.height=r):"link"===t.message&&(r=new URL(s.getAttribute("src")),n=new URL(t.value),c.test(n.protocol))&&n.host===r.host&&l.activeElement===s&&(d.top.location.href=t.value))}},d.addEventListener("message",d.wp.receiveEmbedMessage,!1),l.addEventListener("DOMContentLoaded",function(){for(var e,t,s=l.querySelectorAll("iframe.wp-embedded-content"),r=0;r<s.length;r++)(t=(e=s[r]).getAttribute("data-secret"))||(t=Math.random().toString(36).substring(2,12),e.src+="#?secret="+t,e.setAttribute("data-secret",t)),e.contentWindow.postMessage({message:"ready",secret:t},"*")},!1)))}(window,document);
//# sourceURL=https://life.itu.int/retraites/wp-includes/js/wp-embed.min.js
</script>

Mon choix de découverte s’est porté cette fois à Rio, une destination dont je rêvais depuis longtemps, mais fortement mise en avant comme dangereuse. C’est avec un groupe et un guide que je rencontrerai à mon arrivée, que je vais découvrir cette ville connue surtout pour le Christ qui surplombe la baie, le Pain de sucre, les favelas et le carnaval annuel.
