{"version":"1.0","provider_name":"Association des anciens fonctionnaires de l\u2019Union Internationale des T\u00e9l\u00e9communications","provider_url":"https:\/\/life.itu.int\/retraites","author_name":"Simon de nicola","author_url":"https:\/\/life.itu.int\/retraites\/author\/simondenicola\/","title":"Langue du site - Association des anciens fonctionnaires de l\u2019Union Internationale des T\u00e9l\u00e9communications","type":"rich","width":600,"height":338,"html":"<blockquote class=\"wp-embedded-content\" data-secret=\"NF2896Vn5k\"><a href=\"https:\/\/life.itu.int\/retraites\/langue-du-site\/\">Langue du site<\/a><\/blockquote><iframe sandbox=\"allow-scripts\" security=\"restricted\" src=\"https:\/\/life.itu.int\/retraites\/langue-du-site\/embed\/#?secret=NF2896Vn5k\" width=\"600\" height=\"338\" title=\"\u00ab\u00a0Langue du site\u00a0\u00bb &#8212; Association des anciens fonctionnaires de l\u2019Union Internationale des T\u00e9l\u00e9communications\" data-secret=\"NF2896Vn5k\" frameborder=\"0\" marginwidth=\"0\" marginheight=\"0\" scrolling=\"no\" class=\"wp-embedded-content\"><\/iframe><script>\n\/*! This file is auto-generated *\/\n!function(d,l){\"use strict\";l.querySelector&&d.addEventListener&&\"undefined\"!=typeof URL&&(d.wp=d.wp||{},d.wp.receiveEmbedMessage||(d.wp.receiveEmbedMessage=function(e){var t=e.data;if((t||t.secret||t.message||t.value)&&!\/[^a-zA-Z0-9]\/.test(t.secret)){for(var s,r,n,a=l.querySelectorAll('iframe[data-secret=\"'+t.secret+'\"]'),o=l.querySelectorAll('blockquote[data-secret=\"'+t.secret+'\"]'),c=new RegExp(\"^https?:$\",\"i\"),i=0;i<o.length;i++)o[i].style.display=\"none\";for(i=0;i<a.length;i++)s=a[i],e.source===s.contentWindow&&(s.removeAttribute(\"style\"),\"height\"===t.message?(1e3<(r=parseInt(t.value,10))?r=1e3:~~r<200&&(r=200),s.height=r):\"link\"===t.message&&(r=new URL(s.getAttribute(\"src\")),n=new URL(t.value),c.test(n.protocol))&&n.host===r.host&&l.activeElement===s&&(d.top.location.href=t.value))}},d.addEventListener(\"message\",d.wp.receiveEmbedMessage,!1),l.addEventListener(\"DOMContentLoaded\",function(){for(var e,t,s=l.querySelectorAll(\"iframe.wp-embedded-content\"),r=0;r<s.length;r++)(t=(e=s[r]).getAttribute(\"data-secret\"))||(t=Math.random().toString(36).substring(2,12),e.src+=\"#?secret=\"+t,e.setAttribute(\"data-secret\",t)),e.contentWindow.postMessage({message:\"ready\",secret:t},\"*\")},!1)))}(window,document);\n\/\/# sourceURL=https:\/\/life.itu.int\/retraites\/wp-includes\/js\/wp-embed.min.js\n<\/script>\n","thumbnail_url":"https:\/\/life.itu.int\/retraites\/wp-content\/uploads\/sites\/15\/2025\/02\/pexels-pixabay-267669.jpg","thumbnail_width":850,"thumbnail_height":567,"description":"Notre site est r\u00e9dig\u00e9 en fran\u00e7ais, car le si\u00e8ge de l&rsquo;association est \u00e0 Gen\u00e8ve (Suisse) et nous n&rsquo;avons pas les moyens de le maintenir en plusieurs langues. Cependant, vous pouvez utiliser les liens sur cette page pour le lire en anglais, espagnol, arabe, russe ou chinois. Nous utilisons la traduction automatique brute et sans r\u00e9vision [&hellip;]"}

Association des anciens fonctionnaires de l’Union Internationale des Télécommunications

Langue du site - Association des anciens fonctionnaires de l’Union Internationale des Télécommunications

<blockquote class="wp-embedded-content" data-secret="NF2896Vn5k"><a href="https://life.itu.int/retraites/langue-du-site/">Langue du site</a></blockquote><iframe sandbox="allow-scripts" security="restricted" src="https://life.itu.int/retraites/langue-du-site/embed/#?secret=NF2896Vn5k" width="600" height="338" title="« Langue du site » &#8212; Association des anciens fonctionnaires de l’Union Internationale des Télécommunications" data-secret="NF2896Vn5k" frameborder="0" marginwidth="0" marginheight="0" scrolling="no" class="wp-embedded-content"></iframe><script>
/*! This file is auto-generated */
!function(d,l){"use strict";l.querySelector&&d.addEventListener&&"undefined"!=typeof URL&&(d.wp=d.wp||{},d.wp.receiveEmbedMessage||(d.wp.receiveEmbedMessage=function(e){var t=e.data;if((t||t.secret||t.message||t.value)&&!/[^a-zA-Z0-9]/.test(t.secret)){for(var s,r,n,a=l.querySelectorAll('iframe[data-secret="'+t.secret+'"]'),o=l.querySelectorAll('blockquote[data-secret="'+t.secret+'"]'),c=new RegExp("^https?:$","i"),i=0;i<o.length;i++)o[i].style.display="none";for(i=0;i<a.length;i++)s=a[i],e.source===s.contentWindow&&(s.removeAttribute("style"),"height"===t.message?(1e3<(r=parseInt(t.value,10))?r=1e3:~~r<200&&(r=200),s.height=r):"link"===t.message&&(r=new URL(s.getAttribute("src")),n=new URL(t.value),c.test(n.protocol))&&n.host===r.host&&l.activeElement===s&&(d.top.location.href=t.value))}},d.addEventListener("message",d.wp.receiveEmbedMessage,!1),l.addEventListener("DOMContentLoaded",function(){for(var e,t,s=l.querySelectorAll("iframe.wp-embedded-content"),r=0;r<s.length;r++)(t=(e=s[r]).getAttribute("data-secret"))||(t=Math.random().toString(36).substring(2,12),e.src+="#?secret="+t,e.setAttribute("data-secret",t)),e.contentWindow.postMessage({message:"ready",secret:t},"*")},!1)))}(window,document);
//# sourceURL=https://life.itu.int/retraites/wp-includes/js/wp-embed.min.js
</script>

Notre site est rédigé en français, car le siège de l&rsquo;association est à Genève (Suisse) et nous n&rsquo;avons pas les moyens de le maintenir en plusieurs langues. Cependant, vous pouvez utiliser les liens sur cette page pour le lire en anglais, espagnol, arabe, russe ou chinois. Nous utilisons la traduction automatique brute et sans révision [&hellip;]
